.
-36
Evaluate 158 - (168 - 142 - (0 - (-17 + -4))).
153
Calculate (0 - (81 + -12)) + 73.
4
Evaluate 4 - (12 - 11) - (-2 + -4).
9
What is 111 + 0 + -48 - -37?
100
Calculate 0 + -3 + 129 + -7390 + 7357.
93
What is the value of 11 + (-4 + 4 - 4) + (-31 - -8) + 5?
-11
What is -27 - (-2 - (33 + -14 + -23))?
-29
What is 243 + -199 + 33 + 0?
77
Calculate -1 - (-2 + 6 + -18) - (136 + -132).
9
-75 + (-3 - (-2 + -32 + 18))
-62
Evaluate -51 - (-53 - 26) - ((13 + -3 - -1) + -1).
18
-44 + 8 + (16 + -27 - (-7 - -15))
-55
What is the value of -18 + (-53 - -24) - (12 - 1 - 0)?
-58
What is -6 + (-22 - (-13 - (-10 - (4 + -7))))?
-22
What is the value of -15 - -5 - ((-11 - -13) + -15 + 8 + 34)?
-39
What is the value of 120 + -67 + -51 - (2 - -22)?
-22
4 + (4 - -42) + -18 + (9 - (-9 + 4))
46
What is -18 + (-110 + 109 - (-2 - 11)) + 52 + 1?
47
-16 + 11 + 38 + (20 - 12 - 20)
21
What is the value of 10 - (27 - -9) - -34?
8
Calculate 14 - (50 - 23 - 22 - 6) - (2 + -1).
14
What is (-24 - (-4 - -5)) + -43 + 18?
-50
1 - -14 - -4 - (-52 - (-41 - -56))
86
597 - 586 - (0 + 68)
-57
Evaluate 10 + 19 + -39 - -52.
42
What is the value of -75 + (12 - (-13 - (15 - 25) - -17))?
-77
Evaluate (4 - (-1 - ((-7 - (10 - 7)) + -72))) + 8.
-69
14 + 34 + -66 + -15
-33
Calculate -20 + (17 - -27) - 24.
0
Calculate -59 + -57 + 104 + (2 - (-2 + -28)) - -12.
32
1 + -2 + 0 + -1611 + 1549 + 11
-52
Evaluate -2 + -7 - (-21 - (26 - 22) - 8).
24
Evaluate 27 + -58 + (41 - -28).
38
Evaluate (-1 + 6 - 26) + (90 - (114 - 72)).
27
What is 0 + -53 + -1 - ((-142 - -118) + 27 + -11)?
-46
1 + -7 + 1 + (27 - (19 - -12))
-9
What is 2 + -1 + 96 + (39 - 49 - 22 - -22)?
87
Evaluate 16 + 15 + -69 + 3 + 9.
-26
Evaluate (-143 - 65) + 74 + 165.
31
What is the value of (23 - ((45 - -31) + -27)) + -16?
-42
What is (-4 - 22 - (8 + -54)) + -28?
-8
What is the value of -6 + (-29 - (-24 - -14))?
-25
What is the value of 17 + (-148 - -38) + 70?
-23
What is the value of 2110 + -2084 - (54 - -1)?
-29
Evaluate -12 + -2 + 0 + (96 - 189) + 11 + -1.
-97
Evaluate 27 + (-7 - (5 - 6 - 1)) + -1 + 6.
27
Evaluate (0 - (-2 - -11)) + (51 - (19 + -24 + 5)).
42
What is the value of -11 - ((15 - 31) + (-3 - -11 - -3))?
-6
Calculate -11 - 37 - (19 + -12) - (-2 - 5).
-48
What is the value of (3 - -13) + 4 + 31 + (-33 - -12) + -7?
23
What is the value of (244 - 265) + (-6 - 0 - 0)?
-27
(-68 - -57 - -44) + -35
-2
Evaluate 70 + 79 - (24 - (16 - 7)).
134
Evaluate -30 - ((-14 - (-6 + -12)) + (1 - -8 - 3)).
-40
30 + (27 - 46) + 12 + -8 + 3
18
Evaluate 20 + -28 - -27 - (-5 + -9 + 0).
33
-89 + -109 + 210 - -31
43
Evaluate -6 - (-201 - -206 - (-2 + 4)) - -23.
14
Evaluate -20 + (-7 + 0 - -22) + 23.
18
Evaluate -215 + 213 - (-5 + 1 + 20).
-18
(-6 - -3) + -17 + -1571 + 1556
-35
What is (-4 - (7 - 36)) + -7 + 11 + -11 + 8?
26
What is the value of -57 + 48 + 58 - 60?
-11
Evaluate (3 - 3) + -11 + -35 + (33 - 64) + 2.
-75
What is -66 + 28 + -25 + (-38 - -48)?
-53
What is the value of -168 - (-156 + 80 - -22)?
-114
What is the value of -28 + (6 - 10) + (22 - 34) + -8 + 12?
-40
264 + -249 + (-25 + -10 - 3)
-23
What is 937 + -949 - (3 + -82 + 2 + 4 + -8)?
69
Evaluate -5 + -48 + (530 - 475).
2
Calculate -3 - ((-5 - (1 + -1)) + (499 - 443)).
-54
(8 - 7 - 9) + (-11 - (8 + -30))
3
44 + 7 + (14 + 2 + -12 - 1)
54
What is (2 + 1 - 1) + 4 + (-443 - -484)?
47
Evaluate 0 - 38 - (-138 - -367 - 256).
-11
Evaluate -2 + 1 + (-145 - -123) + -2.
-25
(-8 - -2 - -15) + -100 + 10 + (-8 - 7)
-96
Evaluate -9 + 4 + 753 + -760.
-12
What is (-25 - -171) + -62 - 72?
12
Evaluate (6 - (-3 + (-6 - -6 - -3))) + 1 + 18.
25
What is -11 - 3 - (-24 + 12 + 79 + -25)?
-56
What is (1 - 0 - (77 - 71)) + 17 + -1?
11
What is -21 - (-5 - (-21 + 15 + -22))?
-44
What is the value of 1148 - 1199 - (8 - -9)?
-68
What is the value of -13 - (-42 + (-26 - -8) + 20 + (7 - -2))?
18
Evaluate -88 + 205 - (128 - -94).
-105
-88 + -76 + 182 + (-3 - 14)
1
-23 + -22 + 17 + (37 - 17)
-8
Evaluate -103 + (39 - -25) + 19.
-20
Evaluate -82 + (87 - 85) - -51.
-29
Evaluate (-47 - (-133 - -49)) + -56.
-19
Evaluate (24 - -2) + -3058 + 3071.
39
What is 30 - (31 - (37 + -12)) - 24?
0
What is the value of 80 - 60 - (84 - 20 - 20)?
-24
What is 17 + -2 + -21 + 15 - ((-5 - -3) + 46)?
-35
Calculate -6841 + 6889 - (115 - 2).
-65
What is -11 + 2 - ((7 - 32) + 24)?
-8
Evaluate 50 - -2 - (-36 + -25 + 49).
64
What is the value of 19 + -12 - (-19 - (0 - (-5 - (-10 + -1))))?
20
Calculate 73 + 12 + (12 - 1) + 15.
111
What is -73 - (-575 + 587 - (0 + 15 + 2))?
-68
What is -18 - (3 + (1 - -9) + 9) - -4?
-36
Calculate 481 - 533 - ((0 - -3 - -1) + 4).
-60
Calculate -10 + (54 - (36 - -48)).
-40
What is (4 + -5 - 8) + 47 + -24?
14
What is the value of -64 - (-27 - 9 - 19)?
-9
What is (-809 - -819) + (-2 - -30)?
38
What is the value of 45 - (17 + -8) - (54 - 54)?
36
What is the value of (92 - 3) + (-4 - -5) + (12 + -21 - -9)?
90
Calculate (431 - 441) + -7 + 0 - -42.
25
What is the value of (4 - (-9 - (-84 - 2 - (-14 - -1)))) + -5?
-65
Calculate -152 + 37 + 38 + 59.
-18
(55 - -32) + (35 - 128)
-6
2 - (-1 + 7 + 0 + (5 + -1 - 29))
21
Calculate 145 + -150 - (7 + -5 - -8).
-15
What is (113 - 12) + -99 + 81?
83
Calculate -2768 + 2751 - (-1 - -2).
-18
55 + -174 + 66 - -96
43
What is (20 + 18 + -48 - -36) + 5?
31
28 + (24 - (-86 - -173))
-35
(4 - (-17 + 21) - 13) + 24 - -29
40
What is the value of (7 + -11 - -4) + -9 + (7 - -42)?
40
What is the value of (2544 - 2430) + (-91 - 2)?
21
Evaluate (-44 - -43) + (-9 + (8 - 5) - 5) + 9.
-3
What is (98 - (83 - 9)) + (24 - 8)?
40
What is (3 - 34 - -43) + -83?
-71
Calculate 54 + -21 + -6 + -2 + (12 - 2) + -5.
30
Evaluate 10 - 13 - ((-6 - (5 + -10)) + 3).
-5
Calculate 33 - (36 - -33) - -81.
45
Calculate -16 + -174 + 62 + 121.
-7
Evaluate -3 + -18 + -12 + 30 + -9 + -18.
-30
What is (-36 - -31) + (13 - (-1 + 4 + -7))?
12
Evaluate (-26 - 0) + (-9 - (7 + 6 + -22)).
-26
Calculate (33 - (-138 - -214)) + 5.
-38
What is 46 - (89 + -15 + -52)?
24
Calculate -11 + (74 - 70) - (-70 + 2).
61
What is the value of (-39 + 6 - (401 + -466)) + 110?
142
What is the value of (-2 - 2) + (-35 - (-17 - 12))?
-10
What is the value of 8 - (58 + -46 - 10)?
6
5 - 5 - 40 - (9 + (11 + -4 - 11))
-45
-9 - (-48 + -66 + 80)
25
What is 417 + -182 + -158 + (1 - 11)?
67
What is -62 + 2 + (101 - 9)?
32
Calculate (-55 - -88 - (0 - -5)) + -2.
26
What is the value of -12 + 163 - 148 - -139?
142
-7 + 6 + (90 - (-10 + 178))
-79
Calculate 123 + -300 + 175 - (-2 + (124 - -2)).
-126
Calculate (-2 - 0) + 83 + (-36 - -24).
69
Calculate -175 + (24 - 12) - (5 - (42 - 27)).
-153
What is -41 + (54 - 18) + 26 - (61 + -1)?
-39
Calculate (11 - (13 + -11)) + 118 + -121.
6
What is 28 + 3 - (24 + -13 + 8)?
12
(-2 - 10 - -13) + (35 - 63)
-27
Calculate 7 + 12 + -41 + -20 + 6.
-36
-2 + (-61 - 2) + (65 - 77 - (0 - 2))
-75
Evaluate 48 + 11 + 0 + (-19 + -1 - 2 - -14).
51
What is (-33 + -31 - -166) + -40?
62
Calculate -32 + 10 + -6 + 0 + 13 + -46.
-61
Evaluate (-87 - -19 - -76) + -53.
-45
What is -66 - -121 - (-39 + 21)?
73
10 + (-13 - -2) + 81 + -67 + 2 + 1
16
((-2 - 1 - (-12 - -16)) + 2 - 33) + -1
-39
Evaluate 8 + 0 - 50 - 4 - (-3 - 2 - -10).
-51
What is the value of (-71 - -37) + 89 - 67?
-12
7 - 3 - (-66 - (-17 + -16)) - (-4 - 1)
42
What is the value of (9 - ((3 - -6) + -16) - 10) + 132 - 14?
124
What is the value of 16 + (-39 - (20 - -17)) + 21?
-39
What is the value of 9 - (-49 + -47 + 74)?
31
Evaluate (94 - 4 - (2 - -5)) + 16 + -18 + 12.
93
What is the value of 3 + -4 - 1 - ((-185 - 24) + 128)?
79
Calculate (1 - 16) + (7 - (29 + (-24 - -7) - -5)).
-25
Calculate 52 + 133 + -368 + 95.
-88
Evaluate -17 - (2 + (0 - 24) + 29).
-24
3 - -20 - (-1 - 19 - -16)
27
Calculate -16 + 69 + 96 - 54.
95
What is the value of -20 - (-19 + 16 + -14 - -14)?
-17
-43 + (-1 + 1 - (-120 - -127)) + 0 + 15
-35
Evaluate (-9 + 3 - (-3 - -1)) + (-17 - -26).
5
What is the value of 24 - (39 + -58 + 19) - 87?
-63
What is the value of (78 - -2) + -33 + (-91 - -118)?
74
What is (41 + -20 - 34) + -8?
-21
Calculate -4 - ((-1 + -1 - (27 + 14 + -35)) + -3).
7
-1 + 0 + (4 - (-80 - -48)) + -37
-2
513 + -176 + -240 - (1 + 21)
75
-6 + (-5 + -19 + (7 - -7) - (0 - -7))
-23
-40 + 36 - (12 - -6) - -19
-3
What is 124 + (21 - 31 - -10 - -6 - (11 + 0))?
119
26 + -17 + -120 + 68
-43
Evaluate -32 + (-4 - -4) + 17 + (